{"id":964,"date":"2024-11-12T10:00:14","date_gmt":"2024-11-12T10:00:14","guid":{"rendered":"https:\/\/hrserv.ch\/?page_id=964"},"modified":"2024-11-13T01:41:49","modified_gmt":"2024-11-13T01:41:49","slug":"hr-manager-ad-interim","status":"publish","type":"page","link":"https:\/\/www.hrserv.ch\/fr\/expert-pool-hr-manager-ad-interim\/hr-manager-ad-interim\/","title":{"rendered":"Chef du personnel ad interim\u00a0\u00a0"},"content":{"rendered":"\n<h2 class=\"wp-block-heading\">La meilleure personne pour assurer l&rsquo;int\u00e9rim\u00a0\u00a0<\/h2>\n\n\n\n<p>Les managers int\u00e9rimaires (par ex. chef du personnel) des services RH apportent aux entreprises l&rsquo;exp\u00e9rience, les connaissances pertinentes ou les comp\u00e9tences n\u00e9cessaires rapidement et aussi longtemps que n\u00e9cessaire. Les managers int\u00e9rimaires prennent des responsabilit\u00e9s, atteignent les objectifs convenus et repartent d\u00e8s qu&rsquo;une solution d\u00e9finitive a \u00e9t\u00e9 trouv\u00e9e.\u00a0\u00a0<\/p>\n","protected":false},"excerpt":{"rendered":"<p>La meilleure personne pour assurer l&rsquo;int\u00e9rim\u00a0\u00a0 Les managers int\u00e9rimaires (par ex. chef du personnel) des services RH apportent aux entreprises l&rsquo;exp\u00e9rience, les connaissances pertinentes ou les comp\u00e9tences n\u00e9cessaires rapidement et aussi longtemps que n\u00e9cessaire. Les managers int\u00e9rimaires prennent des responsabilit\u00e9s, atteignent les objectifs convenus et repartent d\u00e8s qu&rsquo;une solution d\u00e9finitive a \u00e9t\u00e9 trouv\u00e9e.\u00a0\u00a0<\/p>\n","protected":false},"author":1,"featured_media":915,"parent":896,"menu_order":1,"comment_status":"closed","ping_status":"closed","template":"","meta":{"_acf_changed":false,"footnotes":""},"class_list":["post-964","page","type-page","status-publish","has-post-thumbnail","hentry"],"acf":[],"yoast_head":"<!-- This site is optimized with the Yoast SEO plugin v27.5 - https:\/\/yoast.com\/product\/yoast-seo-wordpress\/ -->\n<title>Chef du personnel ad interim\u00a0\u00a0 - HR Services<\/title>\n<meta name=\"robots\" content=\"index, follow, max-snippet:-1, max-image-preview:large, max-video-preview:-1\" \/>\n<link rel=\"canonical\" href=\"https:\/\/www.hrserv.ch\/fr\/expert-pool-hr-manager-ad-interim\/hr-manager-ad-interim\/\" \/>\n<meta property=\"og:locale\" content=\"fr_FR\" \/>\n<meta property=\"og:type\" content=\"article\" \/>\n<meta property=\"og:title\" content=\"Chef du personnel ad interim\u00a0\u00a0 - HR Services\" \/>\n<meta property=\"og:description\" content=\"La meilleure personne pour assurer l&rsquo;int\u00e9rim\u00a0\u00a0 Les managers int\u00e9rimaires (par ex. chef du personnel) des services RH apportent aux entreprises l&rsquo;exp\u00e9rience, les connaissances pertinentes ou les comp\u00e9tences n\u00e9cessaires rapidement et aussi longtemps que n\u00e9cessaire. Les managers int\u00e9rimaires prennent des responsabilit\u00e9s, atteignent les objectifs convenus et repartent d\u00e8s qu&rsquo;une solution d\u00e9finitive a \u00e9t\u00e9 trouv\u00e9e.\u00a0\u00a0\" \/>\n<meta property=\"og:url\" content=\"https:\/\/www.hrserv.ch\/fr\/expert-pool-hr-manager-ad-interim\/hr-manager-ad-interim\/\" \/>\n<meta property=\"og:site_name\" content=\"HR Services\" \/>\n<meta property=\"article:modified_time\" content=\"2024-11-13T01:41:49+00:00\" \/>\n<meta property=\"og:image\" content=\"https:\/\/www.hrserv.ch\/wp-content\/uploads\/sites\/3\/2019\/10\/expertenpool.jpg\" \/>\n\t<meta property=\"og:image:width\" content=\"1199\" \/>\n\t<meta property=\"og:image:height\" content=\"300\" \/>\n\t<meta property=\"og:image:type\" content=\"image\/jpeg\" \/>\n<meta name=\"twitter:card\" content=\"summary_large_image\" \/>\n<meta name=\"twitter:label1\" content=\"Dur\u00e9e de lecture estim\u00e9e\" \/>\n\t<meta name=\"twitter:data1\" content=\"1 minute\" \/>\n<script type=\"application\/ld+json\" class=\"yoast-schema-graph\">{\"@context\":\"https:\\\/\\\/schema.org\",\"@graph\":[{\"@type\":\"WebPage\",\"@id\":\"https:\\\/\\\/www.hrserv.ch\\\/fr\\\/expert-pool-hr-manager-ad-interim\\\/hr-manager-ad-interim\\\/\",\"url\":\"https:\\\/\\\/www.hrserv.ch\\\/fr\\\/expert-pool-hr-manager-ad-interim\\\/hr-manager-ad-interim\\\/\",\"name\":\"Chef du personnel ad interim\u00a0\u00a0 - HR Services\",\"isPartOf\":{\"@id\":\"https:\\\/\\\/www.hrserv.ch\\\/fr\\\/#website\"},\"primaryImageOfPage\":{\"@id\":\"https:\\\/\\\/www.hrserv.ch\\\/fr\\\/expert-pool-hr-manager-ad-interim\\\/hr-manager-ad-interim\\\/#primaryimage\"},\"image\":{\"@id\":\"https:\\\/\\\/www.hrserv.ch\\\/fr\\\/expert-pool-hr-manager-ad-interim\\\/hr-manager-ad-interim\\\/#primaryimage\"},\"thumbnailUrl\":\"https:\\\/\\\/www.hrserv.ch\\\/wp-content\\\/uploads\\\/sites\\\/3\\\/2019\\\/10\\\/expertenpool.jpg\",\"datePublished\":\"2024-11-12T10:00:14+00:00\",\"dateModified\":\"2024-11-13T01:41:49+00:00\",\"breadcrumb\":{\"@id\":\"https:\\\/\\\/www.hrserv.ch\\\/fr\\\/expert-pool-hr-manager-ad-interim\\\/hr-manager-ad-interim\\\/#breadcrumb\"},\"inLanguage\":\"fr-FR\",\"potentialAction\":[{\"@type\":\"ReadAction\",\"target\":[\"https:\\\/\\\/www.hrserv.ch\\\/fr\\\/expert-pool-hr-manager-ad-interim\\\/hr-manager-ad-interim\\\/\"]}]},{\"@type\":\"ImageObject\",\"inLanguage\":\"fr-FR\",\"@id\":\"https:\\\/\\\/www.hrserv.ch\\\/fr\\\/expert-pool-hr-manager-ad-interim\\\/hr-manager-ad-interim\\\/#primaryimage\",\"url\":\"https:\\\/\\\/www.hrserv.ch\\\/wp-content\\\/uploads\\\/sites\\\/3\\\/2019\\\/10\\\/expertenpool.jpg\",\"contentUrl\":\"https:\\\/\\\/www.hrserv.ch\\\/wp-content\\\/uploads\\\/sites\\\/3\\\/2019\\\/10\\\/expertenpool.jpg\",\"width\":1199,\"height\":300},{\"@type\":\"BreadcrumbList\",\"@id\":\"https:\\\/\\\/www.hrserv.ch\\\/fr\\\/expert-pool-hr-manager-ad-interim\\\/hr-manager-ad-interim\\\/#breadcrumb\",\"itemListElement\":[{\"@type\":\"ListItem\",\"position\":1,\"name\":\"Home\",\"item\":\"https:\\\/\\\/www.hrserv.ch\\\/fr\\\/\"},{\"@type\":\"ListItem\",\"position\":2,\"name\":\"Pool d&#8217;experts\"}]},{\"@type\":\"WebSite\",\"@id\":\"https:\\\/\\\/www.hrserv.ch\\\/fr\\\/#website\",\"url\":\"https:\\\/\\\/www.hrserv.ch\\\/fr\\\/\",\"name\":\"HR Services\",\"description\":\"Professional - Cost-optimised - Quick\",\"publisher\":{\"@id\":\"https:\\\/\\\/www.hrserv.ch\\\/fr\\\/#organization\"},\"potentialAction\":[{\"@type\":\"SearchAction\",\"target\":{\"@type\":\"EntryPoint\",\"urlTemplate\":\"https:\\\/\\\/www.hrserv.ch\\\/fr\\\/?s={search_term_string}\"},\"query-input\":{\"@type\":\"PropertyValueSpecification\",\"valueRequired\":true,\"valueName\":\"search_term_string\"}}],\"inLanguage\":\"fr-FR\"},{\"@type\":\"Organization\",\"@id\":\"https:\\\/\\\/www.hrserv.ch\\\/fr\\\/#organization\",\"name\":\"HR Services\",\"url\":\"https:\\\/\\\/www.hrserv.ch\\\/fr\\\/\",\"logo\":{\"@type\":\"ImageObject\",\"inLanguage\":\"fr-FR\",\"@id\":\"https:\\\/\\\/www.hrserv.ch\\\/fr\\\/#\\\/schema\\\/logo\\\/image\\\/\",\"url\":\"https:\\\/\\\/www.hrserv.ch\\\/wp-content\\\/uploads\\\/sites\\\/3\\\/2019\\\/10\\\/logo-hr-services-1.png\",\"contentUrl\":\"https:\\\/\\\/www.hrserv.ch\\\/wp-content\\\/uploads\\\/sites\\\/3\\\/2019\\\/10\\\/logo-hr-services-1.png\",\"width\":400,\"height\":132,\"caption\":\"HR Services\"},\"image\":{\"@id\":\"https:\\\/\\\/www.hrserv.ch\\\/fr\\\/#\\\/schema\\\/logo\\\/image\\\/\"}}]}<\/script>\n<!-- \/ Yoast SEO plugin. -->","yoast_head_json":{"title":"Chef du personnel ad interim\u00a0\u00a0 - HR Services","robots":{"index":"index","follow":"follow","max-snippet":"max-snippet:-1","max-image-preview":"max-image-preview:large","max-video-preview":"max-video-preview:-1"},"canonical":"https:\/\/www.hrserv.ch\/fr\/expert-pool-hr-manager-ad-interim\/hr-manager-ad-interim\/","og_locale":"fr_FR","og_type":"article","og_title":"Chef du personnel ad interim\u00a0\u00a0 - HR Services","og_description":"La meilleure personne pour assurer l&rsquo;int\u00e9rim\u00a0\u00a0 Les managers int\u00e9rimaires (par ex. chef du personnel) des services RH apportent aux entreprises l&rsquo;exp\u00e9rience, les connaissances pertinentes ou les comp\u00e9tences n\u00e9cessaires rapidement et aussi longtemps que n\u00e9cessaire. Les managers int\u00e9rimaires prennent des responsabilit\u00e9s, atteignent les objectifs convenus et repartent d\u00e8s qu&rsquo;une solution d\u00e9finitive a \u00e9t\u00e9 trouv\u00e9e.\u00a0\u00a0","og_url":"https:\/\/www.hrserv.ch\/fr\/expert-pool-hr-manager-ad-interim\/hr-manager-ad-interim\/","og_site_name":"HR Services","article_modified_time":"2024-11-13T01:41:49+00:00","og_image":[{"width":1199,"height":300,"url":"https:\/\/www.hrserv.ch\/wp-content\/uploads\/sites\/3\/2019\/10\/expertenpool.jpg","type":"image\/jpeg"}],"twitter_card":"summary_large_image","twitter_misc":{"Dur\u00e9e de lecture estim\u00e9e":"1 minute"},"schema":{"@context":"https:\/\/schema.org","@graph":[{"@type":"WebPage","@id":"https:\/\/www.hrserv.ch\/fr\/expert-pool-hr-manager-ad-interim\/hr-manager-ad-interim\/","url":"https:\/\/www.hrserv.ch\/fr\/expert-pool-hr-manager-ad-interim\/hr-manager-ad-interim\/","name":"Chef du personnel ad interim\u00a0\u00a0 - HR Services","isPartOf":{"@id":"https:\/\/www.hrserv.ch\/fr\/#website"},"primaryImageOfPage":{"@id":"https:\/\/www.hrserv.ch\/fr\/expert-pool-hr-manager-ad-interim\/hr-manager-ad-interim\/#primaryimage"},"image":{"@id":"https:\/\/www.hrserv.ch\/fr\/expert-pool-hr-manager-ad-interim\/hr-manager-ad-interim\/#primaryimage"},"thumbnailUrl":"https:\/\/www.hrserv.ch\/wp-content\/uploads\/sites\/3\/2019\/10\/expertenpool.jpg","datePublished":"2024-11-12T10:00:14+00:00","dateModified":"2024-11-13T01:41:49+00:00","breadcrumb":{"@id":"https:\/\/www.hrserv.ch\/fr\/expert-pool-hr-manager-ad-interim\/hr-manager-ad-interim\/#breadcrumb"},"inLanguage":"fr-FR","potentialAction":[{"@type":"ReadAction","target":["https:\/\/www.hrserv.ch\/fr\/expert-pool-hr-manager-ad-interim\/hr-manager-ad-interim\/"]}]},{"@type":"ImageObject","inLanguage":"fr-FR","@id":"https:\/\/www.hrserv.ch\/fr\/expert-pool-hr-manager-ad-interim\/hr-manager-ad-interim\/#primaryimage","url":"https:\/\/www.hrserv.ch\/wp-content\/uploads\/sites\/3\/2019\/10\/expertenpool.jpg","contentUrl":"https:\/\/www.hrserv.ch\/wp-content\/uploads\/sites\/3\/2019\/10\/expertenpool.jpg","width":1199,"height":300},{"@type":"BreadcrumbList","@id":"https:\/\/www.hrserv.ch\/fr\/expert-pool-hr-manager-ad-interim\/hr-manager-ad-interim\/#breadcrumb","itemListElement":[{"@type":"ListItem","position":1,"name":"Home","item":"https:\/\/www.hrserv.ch\/fr\/"},{"@type":"ListItem","position":2,"name":"Pool d&#8217;experts"}]},{"@type":"WebSite","@id":"https:\/\/www.hrserv.ch\/fr\/#website","url":"https:\/\/www.hrserv.ch\/fr\/","name":"HR Services","description":"Professional - Cost-optimised - Quick","publisher":{"@id":"https:\/\/www.hrserv.ch\/fr\/#organization"},"potentialAction":[{"@type":"SearchAction","target":{"@type":"EntryPoint","urlTemplate":"https:\/\/www.hrserv.ch\/fr\/?s={search_term_string}"},"query-input":{"@type":"PropertyValueSpecification","valueRequired":true,"valueName":"search_term_string"}}],"inLanguage":"fr-FR"},{"@type":"Organization","@id":"https:\/\/www.hrserv.ch\/fr\/#organization","name":"HR Services","url":"https:\/\/www.hrserv.ch\/fr\/","logo":{"@type":"ImageObject","inLanguage":"fr-FR","@id":"https:\/\/www.hrserv.ch\/fr\/#\/schema\/logo\/image\/","url":"https:\/\/www.hrserv.ch\/wp-content\/uploads\/sites\/3\/2019\/10\/logo-hr-services-1.png","contentUrl":"https:\/\/www.hrserv.ch\/wp-content\/uploads\/sites\/3\/2019\/10\/logo-hr-services-1.png","width":400,"height":132,"caption":"HR Services"},"image":{"@id":"https:\/\/www.hrserv.ch\/fr\/#\/schema\/logo\/image\/"}}]}},"_links":{"self":[{"href":"https:\/\/www.hrserv.ch\/fr\/wp-json\/wp\/v2\/pages\/964","targetHints":{"allow":["GET"]}}],"collection":[{"href":"https:\/\/www.hrserv.ch\/fr\/wp-json\/wp\/v2\/pages"}],"about":[{"href":"https:\/\/www.hrserv.ch\/fr\/wp-json\/wp\/v2\/types\/page"}],"author":[{"embeddable":true,"href":"https:\/\/www.hrserv.ch\/fr\/wp-json\/wp\/v2\/users\/1"}],"replies":[{"embeddable":true,"href":"https:\/\/www.hrserv.ch\/fr\/wp-json\/wp\/v2\/comments?post=964"}],"version-history":[{"count":2,"href":"https:\/\/www.hrserv.ch\/fr\/wp-json\/wp\/v2\/pages\/964\/revisions"}],"predecessor-version":[{"id":1069,"href":"https:\/\/www.hrserv.ch\/fr\/wp-json\/wp\/v2\/pages\/964\/revisions\/1069"}],"up":[{"embeddable":true,"href":"https:\/\/www.hrserv.ch\/fr\/wp-json\/wp\/v2\/pages\/896"}],"wp:featuredmedia":[{"embeddable":true,"href":"https:\/\/www.hrserv.ch\/fr\/wp-json\/wp\/v2\/media\/915"}],"wp:attachment":[{"href":"https:\/\/www.hrserv.ch\/fr\/wp-json\/wp\/v2\/media?parent=964"}],"curies":[{"name":"wp","href":"https:\/\/api.w.org\/{rel}","templated":true}]}}

<h2 class="wp-block-heading">La meilleure personne pour assurer l&rsquo;intérim  </h2>



<p>Les managers intérimaires (par ex. chef du personnel) des services RH apportent aux entreprises l&rsquo;expérience, les connaissances pertinentes ou les compétences nécessaires rapidement et aussi longtemps que nécessaire. Les managers intérimaires prennent des responsabilités, atteignent les objectifs convenus et repartent dès qu&rsquo;une solution définitive a été trouvée.  </p>

<p>La meilleure personne pour assurer l&rsquo;intérim   Les managers intérimaires (par ex. chef du personnel) des services RH apportent aux entreprises l&rsquo;expérience, les connaissances pertinentes ou les compétences nécessaires rapidement et aussi longtemps que nécessaire. Les managers intérimaires prennent des responsabilités, atteignent les objectifs convenus et repartent dès qu&rsquo;une solution définitive a été trouvée.  </p>

<!-- This site is optimized with the Yoast SEO plugin v27.5 - https://yoast.com/product/yoast-seo-wordpress/ -->
<title>Chef du personnel ad interim   - HR Services</title>
<meta name="robots" content="index, follow, max-snippet:-1, max-image-preview:large, max-video-preview:-1" />
<link rel="canonical" href="https://www.hrserv.ch/fr/expert-pool-hr-manager-ad-interim/hr-manager-ad-interim/" />
<meta property="og:locale" content="fr_FR" />
<meta property="og:type" content="article" />
<meta property="og:title" content="Chef du personnel ad interim   - HR Services" />
<meta property="og:description" content="La meilleure personne pour assurer l&rsquo;intérim   Les managers intérimaires (par ex. chef du personnel) des services RH apportent aux entreprises l&rsquo;expérience, les connaissances pertinentes ou les compétences nécessaires rapidement et aussi longtemps que nécessaire. Les managers intérimaires prennent des responsabilités, atteignent les objectifs convenus et repartent dès qu&rsquo;une solution définitive a été trouvée.  " />
<meta property="og:url" content="https://www.hrserv.ch/fr/expert-pool-hr-manager-ad-interim/hr-manager-ad-interim/" />
<meta property="og:site_name" content="HR Services" />
<meta property="article:modified_time" content="2024-11-13T01:41:49+00:00" />
<meta property="og:image" content="https://www.hrserv.ch/wp-content/uploads/sites/3/2019/10/expertenpool.jpg" />
	<meta property="og:image:width" content="1199" />
	<meta property="og:image:height" content="300" />
	<meta property="og:image:type" content="image/jpeg" />
<meta name="twitter:card" content="summary_large_image" />
<meta name="twitter:label1" content="Durée de lecture estimée" />
	<meta name="twitter:data1" content="1 minute" />
<script type="application/ld+json" class="yoast-schema-graph">{"@context":"https:\/\/schema.org","@graph":[{"@type":"WebPage","@id":"https:\/\/www.hrserv.ch\/fr\/expert-pool-hr-manager-ad-interim\/hr-manager-ad-interim\/","url":"https:\/\/www.hrserv.ch\/fr\/expert-pool-hr-manager-ad-interim\/hr-manager-ad-interim\/","name":"Chef du personnel ad interim   - HR Services","isPartOf":{"@id":"https:\/\/www.hrserv.ch\/fr\/#website"},"primaryImageOfPage":{"@id":"https:\/\/www.hrserv.ch\/fr\/expert-pool-hr-manager-ad-interim\/hr-manager-ad-interim\/#primaryimage"},"image":{"@id":"https:\/\/www.hrserv.ch\/fr\/expert-pool-hr-manager-ad-interim\/hr-manager-ad-interim\/#primaryimage"},"thumbnailUrl":"https:\/\/www.hrserv.ch\/wp-content\/uploads\/sites\/3\/2019\/10\/expertenpool.jpg","datePublished":"2024-11-12T10:00:14+00:00","dateModified":"2024-11-13T01:41:49+00:00","breadcrumb":{"@id":"https:\/\/www.hrserv.ch\/fr\/expert-pool-hr-manager-ad-interim\/hr-manager-ad-interim\/#breadcrumb"},"inLanguage":"fr-FR","potentialAction":[{"@type":"ReadAction","target":["https:\/\/www.hrserv.ch\/fr\/expert-pool-hr-manager-ad-interim\/hr-manager-ad-interim\/"]}]},{"@type":"ImageObject","inLanguage":"fr-FR","@id":"https:\/\/www.hrserv.ch\/fr\/expert-pool-hr-manager-ad-interim\/hr-manager-ad-interim\/#primaryimage","url":"https:\/\/www.hrserv.ch\/wp-content\/uploads\/sites\/3\/2019\/10\/expertenpool.jpg","contentUrl":"https:\/\/www.hrserv.ch\/wp-content\/uploads\/sites\/3\/2019\/10\/expertenpool.jpg","width":1199,"height":300},{"@type":"BreadcrumbList","@id":"https:\/\/www.hrserv.ch\/fr\/expert-pool-hr-manager-ad-interim\/hr-manager-ad-interim\/#breadcrumb","itemListElement":[{"@type":"ListItem","position":1,"name":"Home","item":"https:\/\/www.hrserv.ch\/fr\/"},{"@type":"ListItem","position":2,"name":"Pool d&#8217;experts"}]},{"@type":"WebSite","@id":"https:\/\/www.hrserv.ch\/fr\/#website","url":"https:\/\/www.hrserv.ch\/fr\/","name":"HR Services","description":"Professional - Cost-optimised - Quick","publisher":{"@id":"https:\/\/www.hrserv.ch\/fr\/#organization"},"potentialAction":[{"@type":"SearchAction","target":{"@type":"EntryPoint","urlTemplate":"https:\/\/www.hrserv.ch\/fr\/?s={search_term_string}"},"query-input":{"@type":"PropertyValueSpecification","valueRequired":true,"valueName":"search_term_string"}}],"inLanguage":"fr-FR"},{"@type":"Organization","@id":"https:\/\/www.hrserv.ch\/fr\/#organization","name":"HR Services","url":"https:\/\/www.hrserv.ch\/fr\/","logo":{"@type":"ImageObject","inLanguage":"fr-FR","@id":"https:\/\/www.hrserv.ch\/fr\/#\/schema\/logo\/image\/","url":"https:\/\/www.hrserv.ch\/wp-content\/uploads\/sites\/3\/2019\/10\/logo-hr-services-1.png","contentUrl":"https:\/\/www.hrserv.ch\/wp-content\/uploads\/sites\/3\/2019\/10\/logo-hr-services-1.png","width":400,"height":132,"caption":"HR Services"},"image":{"@id":"https:\/\/www.hrserv.ch\/fr\/#\/schema\/logo\/image\/"}}]}</script>
<!-- / Yoast SEO plugin. -->

La meilleure personne pour assurer l&rsquo;intérim   Les managers intérimaires (par ex. chef du personnel) des services RH apportent aux entreprises l&rsquo;expérience, les connaissances pertinentes ou les compétences nécessaires rapidement et aussi longtemps que nécessaire. Les managers intérimaires prennent des responsabilités, atteignent les objectifs convenus et repartent dès qu&rsquo;une solution définitive a été trouvée.
